{"id":184,"date":"2006-12-03T04:18:50","date_gmt":"2006-12-03T03:18:50","guid":{"rendered":"https:\/\/www.churbayportillo.com\/blog\/las-aventuras-de-pimi\/"},"modified":"2024-01-08T10:34:15","modified_gmt":"2024-01-08T09:34:15","slug":"las-aventuras-de-pimi","status":"publish","type":"page","link":"https:\/\/www.churbayportillo.com\/blog\/las-aventuras-de-pimi\/","title":{"rendered":"Las aventuras de PIMI"},"content":{"rendered":"<ul class=\"wp-block-latest-posts__list wp-block-latest-posts\"><li><a class=\"wp-block-latest-posts__post-title\" href=\"https:\/\/www.churbayportillo.com\/blog\/2012\/11\/12\/que-puedo-conseguir-con-un-banner\/\">\u00bfQu\u00e9 puedo conseguir con un banner?<\/a><div class=\"wp-block-latest-posts__post-excerpt\">Despu\u00e9s de mucho tiempo, vuelvo a encontrarme con mi amigo Pimi, decidido a realizar una campa\u00f1a de publicidad en Internet para impulsar las ventas de Navidad, pero le asalta una duda y despu\u00e9s de saludarme me la plantea directamente: \u00bfQu\u00e9 puedo conseguir con un banner?<\/div><\/li>\n<li><a class=\"wp-block-latest-posts__post-title\" href=\"https:\/\/www.churbayportillo.com\/blog\/2007\/05\/28\/vota-wordpress\/\">Vota WordPress<\/a><div class=\"wp-block-latest-posts__post-excerpt\">Ahora que en Espa\u00f1a ya sabemos los resultados de las elecciones auton\u00f3micas y municipales, Pimi y todos los que hacemos El Secreto de las Pymes que Crecen os invitamos a votar nuevamente. Se trata de elegir los mejores servicios de la web 2.0. En el apartado de blogs, contenido web y herramientas de dise\u00f1o; nuestro &#8230; <a title=\"Vota WordPress\" class=\"read-more\" href=\"https:\/\/www.churbayportillo.com\/blog\/2007\/05\/28\/vota-wordpress\/\" aria-label=\"Leer m\u00e1s sobre Vota WordPress\">Leer m\u00e1s<\/a><\/div><\/li>\n<li><a class=\"wp-block-latest-posts__post-title\" href=\"https:\/\/www.churbayportillo.com\/blog\/2007\/05\/23\/texto-en-la-web-de-tu-empresa\/\">Texto en la web de tu empresa<\/a><div class=\"wp-block-latest-posts__post-excerpt\">-\u00a1Pimi, por fin t\u00fa por aqu\u00ed! &#8211; \u00a1Uff, ya quisiera yo pasarme m\u00e1s seguido por El Secreto, pero ando tan liado! El caso es que adem\u00e1s de todo el trabajo de mi empresa, mi hijo me lleva loco con que monte una web. -Buena idea. -S\u00ed, pero hay cosas que no tengo claras. Vamos que &#8230; <a title=\"Texto en la web de tu empresa\" class=\"read-more\" href=\"https:\/\/www.churbayportillo.com\/blog\/2007\/05\/23\/texto-en-la-web-de-tu-empresa\/\" aria-label=\"Leer m\u00e1s sobre Texto en la web de tu empresa\">Leer m\u00e1s<\/a><\/div><\/li>\n<li><a class=\"wp-block-latest-posts__post-title\" href=\"https:\/\/www.churbayportillo.com\/blog\/2007\/03\/14\/haz-como-la-rubia-%c2%a1cacarea\/\">Haz como la Rubia, \u00a1cacarea!<\/a><div class=\"wp-block-latest-posts__post-excerpt\">Hola, soy Pimi y de vez en cuando me paso por este blog. Me gustar\u00eda aparecer m\u00e1s seguido, pero la verdad es que la empresa poco tiempo me deja. Adem\u00e1s, \u00faltimamente he pasado una temporada en el pueblo, asuntos de familia. All\u00e1 las cosas son muy distintas a la ciudad donde vivo y trabajo. Tienen &#8230; <a title=\"Haz como la Rubia, \u00a1cacarea!\" class=\"read-more\" href=\"https:\/\/www.churbayportillo.com\/blog\/2007\/03\/14\/haz-como-la-rubia-%c2%a1cacarea\/\" aria-label=\"Leer m\u00e1s sobre Haz como la Rubia, \u00a1cacarea!\">Leer m\u00e1s<\/a><\/div><\/li>\n<li><a class=\"wp-block-latest-posts__post-title\" href=\"https:\/\/www.churbayportillo.com\/blog\/2006\/12\/22\/felices-fiestas-y-prospero-2007\/\">Felices fiestas y pr\u00f3spero 2007<\/a><div class=\"wp-block-latest-posts__post-excerpt\">Te deseamos Pimi y Churba &#038; Portillo.<\/div><\/li>\n<li><a class=\"wp-block-latest-posts__post-title\" href=\"https:\/\/www.churbayportillo.com\/blog\/2006\/12\/22\/navidades-20-o-empresas-20\/\">\u00bfNavidades 2.0 o empresas 2.0?<\/a><div class=\"wp-block-latest-posts__post-excerpt\">-Dar para recibir. -Eso es esp\u00edritu navide\u00f1o, Pimi. -No hab\u00eda ca\u00eddo en ello. Yo estaba pensando en esto de la Web 2.0 y las empresas 2.0. -No te entiendo, Pimi, expl\u00edcate. -Pues mira, la gente escribe blogs, te cuenta lo que sabe, te da consejos, informaci\u00f3n y no te cobra un duro. Hay quien lo &#8230; <a title=\"\u00bfNavidades 2.0 o empresas 2.0?\" class=\"read-more\" href=\"https:\/\/www.churbayportillo.com\/blog\/2006\/12\/22\/navidades-20-o-empresas-20\/\" aria-label=\"Leer m\u00e1s sobre \u00bfNavidades 2.0 o empresas 2.0?\">Leer m\u00e1s<\/a><\/div><\/li>\n<li><a class=\"wp-block-latest-posts__post-title\" href=\"https:\/\/www.churbayportillo.com\/blog\/2006\/11\/18\/pimi-en-evento-blog\/\">Pimi en Evento Blog<\/a><div class=\"wp-block-latest-posts__post-excerpt\">Para festejar sus seis meses en la red, los de El Secreto de las Pymes que Crecen me han invitado al Evento Blog Espa\u00f1a 06, en Sevilla. Despu\u00e9s de 600 kil\u00f3metros llegamos a la capital andaluza, o mejor dicho a a mont\u00f3n de obras y socavones que nos imped\u00edan llegar al hotel. Tantas vueltas tuvimos &#8230; <a title=\"Pimi en Evento Blog\" class=\"read-more\" href=\"https:\/\/www.churbayportillo.com\/blog\/2006\/11\/18\/pimi-en-evento-blog\/\" aria-label=\"Leer m\u00e1s sobre Pimi en Evento Blog\">Leer m\u00e1s<\/a><\/div><\/li>\n<li><a class=\"wp-block-latest-posts__post-title\" href=\"https:\/\/www.churbayportillo.com\/blog\/2006\/11\/06\/folletos-que-venden-2\/\">Folletos que venden (2)<\/a><div class=\"wp-block-latest-posts__post-excerpt\">-\u00a1Pimi cu\u00e1nto tiempo sin verte! -Ya perdona, pero ya sabes c\u00f3mo es la vida de una pyme: hay \u00e9pocas en las que no tienes tiempo para nada. Adem\u00e1s no quer\u00eda pasarme por El Secreto hasta que avanzara un poco en esto de los folletos. De momento tengo ya claro que si voy a poner ofertas &#8230; <a title=\"Folletos que venden (2)\" class=\"read-more\" href=\"https:\/\/www.churbayportillo.com\/blog\/2006\/11\/06\/folletos-que-venden-2\/\" aria-label=\"Leer m\u00e1s sobre Folletos que venden (2)\">Leer m\u00e1s<\/a><\/div><\/li>\n<li><a class=\"wp-block-latest-posts__post-title\" href=\"https:\/\/www.churbayportillo.com\/blog\/2006\/10\/19\/folletos-que-venden-1\/\">Folletos que venden (1)<\/a><div class=\"wp-block-latest-posts__post-excerpt\">Hace unos d\u00edas nuestro buen amigo Pimi nos preguntaba si realmente vend\u00edan los folletos y sin dudarlo un instante le contestamos que s\u00ed.Y a las pruebas nos remitimos: Juan Carlos G\u00e1zquez Abad y Manuel S\u00e1nchez P\u00e9rez, del Departamento de Direcci\u00f3n y Gesti\u00f3n de Empresas de Universidad de Almer\u00eda, estudiaron durante un a\u00f1o los folletos de &#8230; <a title=\"Folletos que venden (1)\" class=\"read-more\" href=\"https:\/\/www.churbayportillo.com\/blog\/2006\/10\/19\/folletos-que-venden-1\/\" aria-label=\"Leer m\u00e1s sobre Folletos que venden (1)\">Leer m\u00e1s<\/a><\/div><\/li>\n<li><a class=\"wp-block-latest-posts__post-title\" href=\"https:\/\/www.churbayportillo.com\/blog\/2006\/10\/06\/%c2%bfvenden-los-folletos\/\">\u00bfVenden los folletos?<\/a><div class=\"wp-block-latest-posts__post-excerpt\">-S\u00ed, est\u00e1 comprobado. As\u00ed comenz\u00f3 la conversaci\u00f3n. La pregunta la plante\u00f3 nuestro amigo Pimi, un peque\u00f1o\/mediano empresario. La respuesta es de Churba &#038; Portillo, es decir nosotros. -Habr\u00eda que verlo -dijo Pimi casi enfadado- porque yo he hecho uno, me sali\u00f3 por un pico y vender, lo que se dice vender, yo creo que no &#8230; <a title=\"\u00bfVenden los folletos?\" class=\"read-more\" href=\"https:\/\/www.churbayportillo.com\/blog\/2006\/10\/06\/%c2%bfvenden-los-folletos\/\" aria-label=\"Leer m\u00e1s sobre \u00bfVenden los folletos?\">Leer m\u00e1s<\/a><\/div><\/li>\n<li><a class=\"wp-block-latest-posts__post-title\" href=\"https:\/\/www.churbayportillo.com\/blog\/2006\/10\/02\/churba-portillo-presenta-a-pimi\/\">Churba &#038; Portillo presenta a Pimi<\/a><div class=\"wp-block-latest-posts__post-excerpt\">\u00bfQui\u00e9n es Pimi? Pimi somos todos los emprendedores. Pimi somos todos los peque\u00f1os y medianos empresarios. Pimi somos todos los que trabajamos para que las Pymes vendan m\u00e1s. Por eso, Pimi espera recibir tus consultas, tus dudas, tus experiencias exitosas y de las otras, para analizarlas y aprender m\u00e1s. Escr\u00edbele ya con toda confianza, porque &#8230; <a title=\"Churba &#038; Portillo presenta a Pimi\" class=\"read-more\" href=\"https:\/\/www.churbayportillo.com\/blog\/2006\/10\/02\/churba-portillo-presenta-a-pimi\/\" aria-label=\"Leer m\u00e1s sobre Churba &#038; Portillo presenta a Pimi\">Leer m\u00e1s<\/a><\/div><\/li>\n<\/ul>","protected":false},"excerpt":{"rendered":"","protected":false},"author":1,"featured_media":0,"parent":0,"menu_order":0,"comment_status":"open","ping_status":"open","template":"","meta":{"footnotes":""},"class_list":["post-184","page","type-page","status-publish"],"yoast_head":"<!-- This site is optimized with the Yoast SEO plugin v27.2 - https:\/\/yoast.com\/product\/yoast-seo-wordpress\/ -->\n<title>Las aventuras de PIMI - El Secreto de las Pymes que crecen<\/title>\n<meta name=\"robots\" content=\"index, follow, max-snippet:-1, max-image-preview:large, max-video-preview:-1\" \/>\n<link rel=\"canonical\" href=\"https:\/\/www.churbayportillo.com\/blog\/las-aventuras-de-pimi\/\" \/>\n<meta property=\"og:locale\" content=\"es_ES\" \/>\n<meta property=\"og:type\" content=\"article\" \/>\n<meta property=\"og:title\" content=\"Las aventuras de PIMI - El Secreto de las Pymes que crecen\" \/>\n<meta property=\"og:url\" content=\"https:\/\/www.churbayportillo.com\/blog\/las-aventuras-de-pimi\/\" \/>\n<meta property=\"og:site_name\" content=\"El Secreto de las Pymes que crecen\" \/>\n<meta property=\"article:publisher\" content=\"https:\/\/www.facebook.com\/churbayportillo\" \/>\n<meta property=\"article:modified_time\" content=\"2024-01-08T09:34:15+00:00\" \/>\n<meta name=\"twitter:card\" content=\"summary_large_image\" \/>\n<meta name=\"twitter:site\" content=\"@elsecreto\" \/>\n<script type=\"application\/ld+json\" class=\"yoast-schema-graph\">{\"@context\":\"https:\/\/schema.org\",\"@graph\":[{\"@type\":\"WebPage\",\"@id\":\"https:\/\/www.churbayportillo.com\/blog\/las-aventuras-de-pimi\/\",\"url\":\"https:\/\/www.churbayportillo.com\/blog\/las-aventuras-de-pimi\/\",\"name\":\"Las aventuras de PIMI - El Secreto de las Pymes que crecen\",\"isPartOf\":{\"@id\":\"https:\/\/www.churbayportillo.com\/blog\/#website\"},\"datePublished\":\"2006-12-03T03:18:50+00:00\",\"dateModified\":\"2024-01-08T09:34:15+00:00\",\"breadcrumb\":{\"@id\":\"https:\/\/www.churbayportillo.com\/blog\/las-aventuras-de-pimi\/#breadcrumb\"},\"inLanguage\":\"es\",\"potentialAction\":[{\"@type\":\"ReadAction\",\"target\":[\"https:\/\/www.churbayportillo.com\/blog\/las-aventuras-de-pimi\/\"]}]},{\"@type\":\"BreadcrumbList\",\"@id\":\"https:\/\/www.churbayportillo.com\/blog\/las-aventuras-de-pimi\/#breadcrumb\",\"itemListElement\":[{\"@type\":\"ListItem\",\"position\":1,\"name\":\"Portada\",\"item\":\"https:\/\/www.churbayportillo.com\/blog\/\"},{\"@type\":\"ListItem\",\"position\":2,\"name\":\"Las aventuras de PIMI\"}]},{\"@type\":\"WebSite\",\"@id\":\"https:\/\/www.churbayportillo.com\/blog\/#website\",\"url\":\"https:\/\/www.churbayportillo.com\/blog\/\",\"name\":\"El Secreto de las Pymes que crecen\",\"description\":\"Informaci\u00f3n y consejos para vender m\u00e1s\",\"publisher\":{\"@id\":\"https:\/\/www.churbayportillo.com\/blog\/#organization\"},\"potentialAction\":[{\"@type\":\"SearchAction\",\"target\":{\"@type\":\"EntryPoint\",\"urlTemplate\":\"https:\/\/www.churbayportillo.com\/blog\/?s={search_term_string}\"},\"query-input\":{\"@type\":\"PropertyValueSpecification\",\"valueRequired\":true,\"valueName\":\"search_term_string\"}}],\"inLanguage\":\"es\"},{\"@type\":\"Organization\",\"@id\":\"https:\/\/www.churbayportillo.com\/blog\/#organization\",\"name\":\"El Secreto de las Pymes que crecen\",\"url\":\"https:\/\/www.churbayportillo.com\/blog\/\",\"logo\":{\"@type\":\"ImageObject\",\"inLanguage\":\"es\",\"@id\":\"https:\/\/www.churbayportillo.com\/blog\/#\/schema\/logo\/image\/\",\"url\":\"https:\/\/www.churbayportillo.com\/blog\/wp-content\/uploads\/2021\/12\/logo.png\",\"contentUrl\":\"https:\/\/www.churbayportillo.com\/blog\/wp-content\/uploads\/2021\/12\/logo.png\",\"width\":599,\"height\":109,\"caption\":\"El Secreto de las Pymes que crecen\"},\"image\":{\"@id\":\"https:\/\/www.churbayportillo.com\/blog\/#\/schema\/logo\/image\/\"},\"sameAs\":[\"https:\/\/www.facebook.com\/churbayportillo\",\"https:\/\/x.com\/elsecreto\"]}]}<\/script>\n<!-- \/ Yoast SEO plugin. -->","yoast_head_json":{"title":"Las aventuras de PIMI - El Secreto de las Pymes que crecen","robots":{"index":"index","follow":"follow","max-snippet":"max-snippet:-1","max-image-preview":"max-image-preview:large","max-video-preview":"max-video-preview:-1"},"canonical":"https:\/\/www.churbayportillo.com\/blog\/las-aventuras-de-pimi\/","og_locale":"es_ES","og_type":"article","og_title":"Las aventuras de PIMI - El Secreto de las Pymes que crecen","og_url":"https:\/\/www.churbayportillo.com\/blog\/las-aventuras-de-pimi\/","og_site_name":"El Secreto de las Pymes que crecen","article_publisher":"https:\/\/www.facebook.com\/churbayportillo","article_modified_time":"2024-01-08T09:34:15+00:00","twitter_card":"summary_large_image","twitter_site":"@elsecreto","schema":{"@context":"https:\/\/schema.org","@graph":[{"@type":"WebPage","@id":"https:\/\/www.churbayportillo.com\/blog\/las-aventuras-de-pimi\/","url":"https:\/\/www.churbayportillo.com\/blog\/las-aventuras-de-pimi\/","name":"Las aventuras de PIMI - El Secreto de las Pymes que crecen","isPartOf":{"@id":"https:\/\/www.churbayportillo.com\/blog\/#website"},"datePublished":"2006-12-03T03:18:50+00:00","dateModified":"2024-01-08T09:34:15+00:00","breadcrumb":{"@id":"https:\/\/www.churbayportillo.com\/blog\/las-aventuras-de-pimi\/#breadcrumb"},"inLanguage":"es","potentialAction":[{"@type":"ReadAction","target":["https:\/\/www.churbayportillo.com\/blog\/las-aventuras-de-pimi\/"]}]},{"@type":"BreadcrumbList","@id":"https:\/\/www.churbayportillo.com\/blog\/las-aventuras-de-pimi\/#breadcrumb","itemListElement":[{"@type":"ListItem","position":1,"name":"Portada","item":"https:\/\/www.churbayportillo.com\/blog\/"},{"@type":"ListItem","position":2,"name":"Las aventuras de PIMI"}]},{"@type":"WebSite","@id":"https:\/\/www.churbayportillo.com\/blog\/#website","url":"https:\/\/www.churbayportillo.com\/blog\/","name":"El Secreto de las Pymes que crecen","description":"Informaci\u00f3n y consejos para vender m\u00e1s","publisher":{"@id":"https:\/\/www.churbayportillo.com\/blog\/#organization"},"potentialAction":[{"@type":"SearchAction","target":{"@type":"EntryPoint","urlTemplate":"https:\/\/www.churbayportillo.com\/blog\/?s={search_term_string}"},"query-input":{"@type":"PropertyValueSpecification","valueRequired":true,"valueName":"search_term_string"}}],"inLanguage":"es"},{"@type":"Organization","@id":"https:\/\/www.churbayportillo.com\/blog\/#organization","name":"El Secreto de las Pymes que crecen","url":"https:\/\/www.churbayportillo.com\/blog\/","logo":{"@type":"ImageObject","inLanguage":"es","@id":"https:\/\/www.churbayportillo.com\/blog\/#\/schema\/logo\/image\/","url":"https:\/\/www.churbayportillo.com\/blog\/wp-content\/uploads\/2021\/12\/logo.png","contentUrl":"https:\/\/www.churbayportillo.com\/blog\/wp-content\/uploads\/2021\/12\/logo.png","width":599,"height":109,"caption":"El Secreto de las Pymes que crecen"},"image":{"@id":"https:\/\/www.churbayportillo.com\/blog\/#\/schema\/logo\/image\/"},"sameAs":["https:\/\/www.facebook.com\/churbayportillo","https:\/\/x.com\/elsecreto"]}]}},"jetpack-related-posts":[{"id":1965,"url":"https:\/\/www.churbayportillo.com\/blog\/resultados\/","url_meta":{"origin":184,"position":0},"title":"Resultados","author":"Angeles Portillo","date":"23 diciembre 2008","format":false,"excerpt":"","rel":"","context":"En \u00abGeneral\u00bb","block_context":{"text":"General","link":"https:\/\/www.churbayportillo.com\/blog\/category\/general\/"},"img":{"alt_text":"","src":"","width":0,"height":0},"classes":[]},{"id":352,"url":"https:\/\/www.churbayportillo.com\/blog\/encuestas\/","url_meta":{"origin":184,"position":1},"title":"Encuestas","author":"Angeles Portillo","date":"9 diciembre 2007","format":false,"excerpt":"","rel":"","context":"En \u00abGeneral\u00bb","block_context":{"text":"General","link":"https:\/\/www.churbayportillo.com\/blog\/category\/general\/"},"img":{"alt_text":"","src":"","width":0,"height":0},"classes":[]}],"jetpack_sharing_enabled":true,"_links":{"self":[{"href":"https:\/\/www.churbayportillo.com\/blog\/wp-json\/wp\/v2\/pages\/184","targetHints":{"allow":["GET"]}}],"collection":[{"href":"https:\/\/www.churbayportillo.com\/blog\/wp-json\/wp\/v2\/pages"}],"about":[{"href":"https:\/\/www.churbayportillo.com\/blog\/wp-json\/wp\/v2\/types\/page"}],"author":[{"embeddable":true,"href":"https:\/\/www.churbayportillo.com\/blog\/wp-json\/wp\/v2\/users\/1"}],"replies":[{"embeddable":true,"href":"https:\/\/www.churbayportillo.com\/blog\/wp-json\/wp\/v2\/comments?post=184"}],"version-history":[{"count":0,"href":"https:\/\/www.churbayportillo.com\/blog\/wp-json\/wp\/v2\/pages\/184\/revisions"}],"wp:attachment":[{"href":"https:\/\/www.churbayportillo.com\/blog\/wp-json\/wp\/v2\/media?parent=184"}],"curies":[{"name":"wp","href":"https:\/\/api.w.org\/{rel}","templated":true}]}}